6 - -162)?
-51
What is 11 - 4 - (15 + (0 - -1)) - 13?
-22
What is -11 + (-59 + 82 - (-1 + 5)) - -5?
13
What is (-24 - 27) + -5 - (-40 - -53)?
-69
2 + (2 - 11) - (-59 + -7 + 133 + -104)
30
40 - (-2 + 2 + -17 + -11)
68
Evaluate (-17 + -25 - 12) + (55 - 82).
-81
What is 1008 + -1036 + 5 + (2 - 2)?
-23
Evaluate -7 + (-1 + 1 + -2 - 58 - (2967 + -2975)).
-59
What is (-229 - -241) + (28 - (-3 - -2 - 3))?
44
Calculate 57 + -61 + -30 + 26.
-8
What is -30 + 47 + (35 - 70) + -1 + 0?
-19
Evaluate -19 + -3 - ((-65 - 92) + 95).
40
Evaluate (-2 + 2 - -14 - (-1026 + 1028)) + -43.
-31
Evaluate -21 + -1 + -18 + 23 + 24.
7
Evaluate (2730 - 2627) + (1 - -14) + (7 - 17 - -6).
114
Evaluate 8 - (93 - (-34 + 14 - -50)).
-55
Evaluate -50 + (-73 + 46 - -36).
-41
What is the value of 10 + (2 - 25 - -36)?
23
Calculate 1 - ((8 + -2 - (-89 - -104)) + 14).
-4
Evaluate (-2 - -18) + 0 + -1 + (5 - 10).
10
What is 18 - (-44 + -18) - 63?
17
Calculate (40 + -1 - (-25 + 15 - -4)) + -7.
38
Calculate -4 + 56 - (362 - 340).
30
-17 + -27 + 26 + 17 + -9 + 2
-8
Calculate (38 + 21 - 20) + 6.
45
Calculate -98 - ((-12 - 1) + (4 - 6) + 9).
-92
What is the value of 0 + (0 - -2) + (-443 - -471)?
30
Evaluate 64 - ((8 - 4) + 3 + 3 + -2).
56
Calculate 90 + -49 + -44 - (7 - 1).
-9
Calculate -14 - -11 - (45 - 32) - -139.
123
-20 + (19 - -16) + 3 + 6 + -38
-14
Calculate -15 + 15 + 5 - -8 - (6 + -10 - -131).
-114
What is (15 - (30 + -58)) + -46?
-3
5 - (5 + (-26 - -17) + 15) - (-9 + -2)
5
What is 8 - (-3 - (43 + (2 - (27 + -8 - 8))))?
45
What is (-12 - -5) + (-17 - (-4 - -2)) + (168 - 163)?
-17
-3 - (-22 + 37) - (3 + -19) - 21
-23
Calculate -6623 + 6569 - (-3 - 19).
-32
Evaluate 13 - (2 + (2 - (-15 - -9) - 11) - -15).
-1
Calculate -1 + 50 - (21 + (0 - 16) - 1) - -3.
48
What is 12 + -14 + (-1 + -15 + 20 - (-97 + -1))?
100
Evaluate -32 + (-23 - -51) + (-2 - (21 - -4)).
-31
Calculate -5 - (16 + (-17 + 13 - -7) + 64).
-88
57 + -49 + (13 - ((45 - 39) + (-2 - 1)))
18
Calculate -14 + (-226 - -108) + 106.
-26
Calculate 3 - 1 - (-55 - (5 + -72 + 61)).
51
7 + -1 + 2 + (76 - 3 - (-579 - -610))
50
Evaluate -5 - (9 + -4 - (12 + -3 + -8)).
-9
Evaluate 26 + -32 + 74 + -8 + (8 - 9) + 0.
59
Evaluate (-48 - (-1 + 1)) + (-2 - 7) + -1 + 15.
-43
What is the value of (48 - 74) + (-3 - (63 + 11))?
-103
What is the value of (63 + 71 - 81) + -188?
-135
What is the value of 18 - 6 - 3 - (3 - (-28 + 5))?
-17
What is -14 + (-4 - 2 - -29) + -4 + -15?
-10
Calculate -73 + 19 + -18 + (-2 - (-26 + 2)).
-50
Calculate -1732 - -1803 - (17 - (2 - 0)).
56
What is 14 - (52 - -12 - 104)?
54
What is the value of (4 - 21) + 60 - 12?
31
Calculate (60 - 64) + -44 + 21.
-27
What is the value of 15 + (-5 - -4 - (29 - (-15 + -4)))?
-34
(-57 - (-21 + -101)) + -40
25
What is the value of -2094 + 2144 + (-55 - -2)?
-3
What is the value of (11 - (-83 - -93 - (-4 + 4 - 9))) + -120?
-128
Evaluate -9 + (1 - 0) + 2 + -5.
-11
(10 + -37 - 2) + 18 + (-13 - 1)
-25
What is the value of (24 + -61 - (-22 - 1) - 47) + 5 + -2?
-58
What is (-4 - (-265 - -269)) + 1 + -47?
-54
-50 - ((12 - (9 + -9 + 9)) + -13)
-40
What is (155 - 52) + -13 + 21 - (1 - (1 + 0))?
111
What is (119 - 202) + (12 + -7 - 17)?
-95
What is the value of 0 + (-34 - 4) + (-3 - (3 - 10 - 0))?
-34
310 + -336 - (-2 + 1 - 76)
51
What is 16 + ((-13 - -9) + 24 + -25 - -15)?
26
Calculate -560 - -545 - ((-2 - 36) + (2 - -5)).
16
What is (-505 - -490) + (0 - (-5 - -1)) + 39 + -1?
27
Calculate -24 + (85 - (24 - -40)) + -1 + -24.
-28
Evaluate -203 - -215 - (9 - 9 - -12).
0
What is 23 + (-6 - 3) + 26 + -19?
21
Evaluate -3 - -65 - (216 + -217).
63
What is (-69 - -143) + -162 + 56?
-32
Evaluate (-26 - -1) + (-464 - -471) + (0 + -2 - -2).
-18
-18 + 3 - (-91 + 34 + 82)
-40
Calculate (313 - 345) + (0 - -19).
-13
Evaluate 68 - (-225 + 193 - (-1 + 4 + -20)).
83
What is 31 - (55 + 5 + 15 + -46)?
2
Calculate (1 - (-7 + -2) - (-82 - (-210 - -120))) + -125.
-123
Calculate (-67 - 0 - (-489 + 461)) + -76.
-115
What is 9 + (23 - 16 - 17 - -38)?
37
-42 - (-40 - 37) - ((4 - 0) + (0 - 10))
41
Calculate -5 + (0 - 1) + -70 + 91 + 21.
36
Evaluate -20 + 21 + 10 - (-16 + (15 - -27)).
-15
Evaluate -76 - (2 - (248 + -91)).
79
Evaluate -10 + 15 + -13 - (-16 - -4).
4
24 + -43 + -8 - (24 + -4)
-47
Calculate -48 + (-32 - -27) + -19.
-72
0 - (-17 + (22 - 13)) - (-15 + 13)
10
What is -32 - (-12 + 14 + -13 + -14 + 14)?
-21
What is 108 + 0 + (-8 - ((2 - 6) + -6))?
110
What is 47 - (149 + (106 - 151))?
-57
84 + (47 - 41) - 47
43
-21 + (-57 - (27 + -76))
-29
(-60 + 61 - (-18 + 23 + (-14 - 2))) + 7
19
What is the value of -33 - (-252 - -86 - -117)?
16
Calculate (-12 - (-18 - (-24 + 40))) + (-57 - 0).
-35
What is -9 - (-5 - (0 + 2)) - -6 - (47 + -54)?
11
What is the value of 0 + (21 - (3 - -27)) - 16?
-25
What is -1 + -12 - (143 + -137)?
-19
Calculate 18 + 1 - ((-6 - -7 - 2) + 4).
16
1 - -70 - (-584 + 619)
36
What is the value of -1 + 13 + -70 + 28 + -16 + 18?
-28
Calculate -6 + 16 + (-5 - (-10 - (2 - 5))) + -59.
-47
Calculate -40 - (-2 - ((1 - -6) + 582 + -588)).
-37
Calculate (-69 - (7 - -7)) + (-19 - (-35 + 7)).
-74
(-1 + 15 - (61 - (22 + -9))) + 10
-24
Evaluate -49 + 121 - (-7 - (17 - 1)).
95
Evaluate -62 + 61 + -96 + 163.
66
What is -66 + (-1 - 12) + 51 + -24?
-52
89 + (62 - -33 - 129)
55
Calculate 0 + -9 - (140 + -180 - (-22 + -1)).
8
What is 0 + -6 + -333 + -110 + 387?
-62
Evaluate -40 - (40 + -47 + (33 - -4)).
-70
Calculate 42 + (-43 - 33) + 52.
18
What is 30 - (1 - (-13 - 28 - 18))?
-30
What is (5 - (-11 + (-4 - (-72 + 2)))) + (-5 - -14)?
-41
-9 + -1 - (-38 - (-55 + 28)) - 124
-123
Evaluate (23 - 7 - 35) + (9 - -2 - (-5 + 9)).
-12
(1 - 17) + (-38 - 1) + 90
35
-6 + 34 + 42 + -104
-34
What is the value of (40 - (63 - -4)) + 19?
-8
32 + -21 + 20 - 34
-3
Calculate 1656 + -1671 - (85 - 7).
-93
-52 + 17 + 0 + (-558 - -558) + -18
-53
Evaluate (-43 - (9 + 17 + -3)) + 26.
-40
What is the value of 39 - (53 + 13 + 20)?
-47
Evaluate 54 - (-28 + -22) - 68.
36
What is the value of (-15 - (10 - -5 - (-19 + 32))) + (7 - -1)?
-9
-1 - 29 - (-21 + 18 + (51 - 58))
-20
What is 6 - (-26 + 7 - (6 + 2 + (-3 - 5)))?
25
-11 - 25 - (-2 + 1 + (29 - 36 - -7))
-35
Calculate (2 - 10) + (326 - 273).
45
What is the value of (44 - 65) + -91 + 46?
-66
What is 54 + (-116 - 62) + 77?
-47
What is -67 + -1 + (20 - (16 - (18 + -10)))?
-56
(22 - (21 + 2 + 13)) + 6 + 111
103
Calculate (11 + 1 + -1 - (2 - (11 - 21))) + 30.
29
What is -113 - (-31 + 30 + 9 + -24)?
-97
Calculate 12 - (-19 - -5 - ((7 - 9) + -6)).
18
(-21 - -21) + 0 + 13 + (-44 + 25 - -22)
16
Calculate -65 - (-106 + 24 - 20).
37
-61 + (26 - -12) + (3 - (3 - -1))
-24
Calculate (-4 - 54) + (-1 + -3 + 13 - (7 - -3)).
-59
Calculate (-42 - (19 + -44)) + 6 + 17 - (-70 - 1).
77
Evaluate (-32 - -2) + 151 + -147 + -2 + -6.
-34
What is the value of (29 - (39 - -26)) + 51?
15
What is the value of -2025 + 2090 - (117 + -2)?
-50
Calculate (19 - (52 + -26) - ((-32 - -2) + 0)) + -10.
13
What is the value of 0 - ((-16 - -13) + 2) - 13 - -29?
17
What is the value of -79 + (17 - (-19 - (-18 - (-5 - -11))))?
-67
0 + 3 - (-12 - -12) - (26 - (43 - 21))
-1
-396 + 379 + (4 - (-1 + -24)) + -22
-10
Calculate -5 + -59 + (2 - -46).
-16
What is 6 - (-60 + 67 - (4 + 0 - -4 - 4))?
3
54 + (22 - (-9 + (21 - -5)))
59
Calculate (-81 - 5) + (-708 - -736).
-58
35 - (64 - (18 - 4))
-15
Evaluate (0 - -28) + -15 + 49 + -18 + (-2 - 4).
38
What is the value of (-211 - (-132 - 89)) + (-1 - 81)?
-72
What is (0 - 20 - (6 + (-12 + -4 - -9))) + 1?
-18
What is (-2 - (8 + -33 + 17)) + -38 + 12?
-20
What is -5 - -2 - -1 - ((1 - (-16 + 2)) + 15)?
-32
What is -37 - -1 - 80 - -5?
-111
What is (30 + -13 - -9) + 9 + -1?
34
((-10 - 12) + 43 - 18) + 17
20
Calculate -33 - -17 - ((4 - 12) + 14).
-22
What is -1 + -12 + 33 + -50 + 48?
18
Evaluate -20 - (-5 - (-26 + -9 - -18)).
-32
78 - 54 - (20 - -108)
-104
Calculate -46 + (-5 + 6 - -12) + (-8 - -4).
-37
What is (-65 - (4 - 110)) + 1?
42
Calculate (16 - -3 - (12 + 26 + -11)) + 7.
-1
Calculate 53 + 3 + -4 - (43 + -68 - -37).
40
Evaluate -102 + (-8 - 19 - -22 - (-17 - 6)).
-84
(-254 - -58) + -27 + 78
-145
What is the value of 95 - 3 - (141 - 87)?
38
-1 - ((2 - 19 - (-1 + -11)) + -31)
35
-11 + 0 - (-106 + 97 + 125)
-127
What is (52 - 4) + -33 + 14 + -33 + 59?
55
Calculate -2 - 16 - ((11 - 28) + (0 - -34) - 25).
-10
Eval